16) to base 4.
-2311202222
What is -4440131 (base 6) in base 13?
-7a644
Convert -103c1ca (base 13) to base 15.
-6786e6
10101001100010000100110 (base 2) to base 12
1a3aa06
What is -122110121 (base 3) in base 8?
-30675
Convert -31043535 (base 6) to base 15.
-12969e
a7b48 (base 14) to base 13
1127c1
Convert 4301444 (base 6) to base 15.
424ca
-1616653 (base 7) to base 15
-46257
What is -273853 (base 9) in base 10?
-166908
Convert -11010111010000001011011 (base 2) to base 14.
-d186a7
What is 54102 (base 9) in base 15?
a91e
What is -1010201100111 (base 3) in base 12?
-251a71
Convert -100323321 (base 4) to base 10.
-69369
What is 36b06 (base 13) in base 11?
69753
328763 (base 10) to base 13
b6846
What is 59582 (base 12) in base 6?
2323442
Convert 2010110211121 (base 3) to base 8.
4241431
Convert -484212 (base 9) to base 15.
-5b6b8
29594 (base 15) to base 2
100000011100011001
Convert -2361442 (base 7) to base 9.
-507424
-643612 (base 7) to base 12
-5482a
-52c8 (base 15) to base 16
-4469
Convert -37d7e (base 15) to base 6.
-3454332
Convert 11244333143 (base 5) to base 11.
7301a48
1050419 (base 10) to base 6
34303015
Convert -1505171 (base 8) to base 14.
-b230d
What is -ab1698 (base 12) in base 10?
-2719124
1ab1b (base 14) to base 2
10000100111000101
-3309 (base 11) to base 3
-12222200
Convert -100011101101000001 (base 2) to base 9.
-242540
Convert caa31 (base 13) to base 14.
9777a
-157929 (base 11) to base 5
-30312233
Convert 4d3bd6 (base 15) to base 2.
1110001001011000001010
69b67 (base 12) to base 6
3011411
-1d59e (base 16) to base 13
-4294b
What is -123368 (base 10) in base 12?
-5b488
Convert 110100111011010111 (base 2) to base 14.
59011
Convert -4b2d67 (base 14) to base 7.
-30642460
Convert 120200112210221 (base 3) to base 10.
8336707
What is 11221120102200 (base 3) in base 4?
22001313201
18852 (base 14) to base 7
345532
Convert 51716 (base 8) to base 4.
11033032
-325124 (base 8) to base 6
-2201140
What is -12490 (base 13) in base 2?
-1000001111010100
Convert 141440030 (base 5) to base 6.
23421021
What is -846b07 (base 13) in base 6?
-150234100
Convert -20130130222 (base 4) to base 5.
-1031314144
Convert 20123133323 (base 4) to base 7.
24532346
Convert -231432234 (base 5) to base 14.
-1d3264
-120c52e (base 15) to base 6
-1141330312
-20a020 (base 12) to base 13
-15051c
41120042 (base 5) to base 16
512ea
What is -120202022010 (base 3) in base 7?
-2430630
What is -2341fb (base 16) in base 12?
-935223
Convert -114210 (base 7) to base 9.
-31333
What is -24402321 (base 5) in base 11?
-148aa3
What is -30438357 (base 9) in base 14?
-1d24969
Convert -392315 (base 10) to base 11.
-248830
Convert -5053350 (base 6) to base 9.
-405863
-201413405 (base 6) to base 16
-3479ed
Convert 794776 (base 10) to base 6.
25011304
Convert -1255414 (base 7) to base 13.
-5a25c
What is -35bb73 (base 12) in base 2?
-11010100100111000111
-31a0109 (base 11) to base 13
-121b0b8
1021555455 (base 6) to base 5
10221341333
Convert -1601231 (base 7) to base 4.
-311131022
What is -2c8b2b (base 16) in base 8?
-13105453
What is -319c355 (base 13) in base 16?
-e6f3de
744402 (base 10) to base 14
1553d8
What is 771151 (base 9) in base 11?
294777
Convert 58487 (base 9) to base 15.
b87a
What is -622a598 (base 11) in base 2?
-101001111100010001010100
What is -43410232 (base 5) in base 13?
-100770
What is -345241 (base 8) in base 10?
-117409
1475986 (base 10) to base 3
2202222200011
What is 10122110103 (base 4) in base 7?
12554226
Convert -11101211331 (base 4) to base 7.
-14516301
Convert 9715a (base 16) to base 6.
21133002
26376 (base 16) to base 12
76706
Convert 20d79c8 (base 14) to base 8.
73334754
Convert -661058 (base 12) to base 14.
-302136
93285 (base 10) to base 12
45b99
Convert -1a3c2 (base 13) to base 8.
-143774
Convert 2c876 (base 13) to base 9.
138452
3255938 (base 10) to base 6
153441442
Convert 32241234 (base 5) to base 7.
2222331
Convert 21034001 (base 6) to base 11.
3882a0
-4650 (base 13) to base 15
-2dcc
166376 (base 8) to base 6
1144514
Convert 119709 (base 10) to base 7.
1006002
-12b378 (base 14) to base 11
-400aaa
What is 24023210 (base 5) in base 7?
1605440
Convert -1118509 (base 11) to base 5.
-1000133030
30726 (base 8) to base 5
402013
13333302 (base 4) to base 16
7ff2
3764b (base 12) to base 7
432215
Convert -1016100 (base 8) to base 15.
-54c36
Convert 1366344 (base 7) to base 6.
3543053
What is 21991 (base 16) in base 13?
4a83c
What is 8724781 (base 11) in base 2?
111010011111111111011011
Convert 15226353 (base 8) to base 12.
120088b
Convert 1300493 (base 14) to base 4.
202320121301
What is 97544 (base 11) in base 14?
39923
What is 30310312 (base 4) in base 15?
10874
1583444 (base 9) to base 6
30522021
What is 2606422 (base 8) in base 6?
23304550
Convert 1010110010111010111001 (base 2) to base 6.
140353521
What is -278637 (base 13) in base 6?
-32333433
What is -63156304 (base 7) in base 2?
-10100010100000110101010
Convert -409649 (base 10) to base 5.
-101102044
Convert -18824c (base 16) to base 6.
-54232112
What is -2cde4 (base 16) in base 9?
-310080
Convert 42b49 (base 16) to base 6.
5504533
What is 2f874 (base 16) in base 12?
947b0
Convert 268783 (base 9) to base 14.
43a5c
Convert -12624234 (base 7) to base 14.
-224cc4
What is -4543453 (base 6) in base 10?
-231513
-144370 (base 11) to base 3
-102110011101
Convert 2e6e6 (base 15) to base 4.
210220302
-20771562 (base 8) to base 4
-100333031302
2006422 (base 8) to base 10
527634
101110100101001111000 (base 2) to base 16
174a78
5313422 (base 6) to base 10
258710
9be44 (base 15) to base 14
cca60
What is 153004 (base 7) in base 4?
13102111
Convert 4486140 (base 12) to base 8.
62020500
What is 102022020023 (base 4) in base 16?
48a20b
Convert -1ba36aa (base 14) to base 10.
-13839318
What is -31104310 (base 6) in base 5?
-212121333
Convert 88da77 (base 14) to base 7.
54335010
-18708c (base 14) to base 9
-1556757
-742275 (base 8) to base 2
-111100010010111101
2121121201 (base 3) to base 4
30210121
1dd55 (base 14) to base 7
436435
Convert 3823616 (base 11) to base 15.
8b183e
24314231 (base 7) to base 4
20102101130
What is 2210662 (base 7) in base 8?
1022443
-6a14 (base 13) to base 4
-3220221
Convert 958214 (base 14) to base 15.
69cb08
-3b60371 (base 12) to base 10
-11820037
What is -31088 (base 15) in base 6?
-3155202
Convert 4332050 (base 6) to base 4.
310110132
What is 5797378 (base 10) in base 11?
32aa724
What is -122212521 (base 7) in base 8?
-35240062
What is -6da46d (base 15) in base 5?
-2320433003
-1507803 (base 11) to base 4
-21313213200
Convert 11100101111110 (base 2) to base 15.
4563
What is -1000111101010011110110 (base 2) in base 12?
-952b5a
What is 2110300213 (base 5) in base 8?
20563261
Convert -544a06 (base 11) to base 9.
-1565815
What is 101100100011 (base 3) in base 5?
23004023
Convert -115503 (base 7) to base 8.
-51263
What is 21001431 (base 5) in base 9?
282080
What is -10678284 (base 9) in base 4?
-103302322030
What is -111102040 (base 5) in base 8?
-1670532
12012001111001 (base 3) to base 4
22201001131
Convert 29966 (base 13) to base 6.
1403232
Convert 94395 (base 12) to base 4.
233120201
What is 123242316 (base 7) in base 9?
15621713
What is 754786 (base 9) in base 16?
6dcad
What is 90c27 (base 14) in base 10?
348131
What is -21323123 (base 4) in base 12?
-1b64b
560386 (base 9) to base 4
1101301110
-82853 (base 9) to base 8
-152562
Convert aa0a3 (base 12) to base 3.
102102022120
-11435353 (base 9) to base 10
-5574225
Convert 3d3d1 (base 14) to base 4.
211002023
Convert -22120202222 (base 3) to base 12.
-81945
-a61560 (base 12) to base 6
-132015400
Convert 64841b (base 15) to base 14.
8c85b6
Convert 3feef8 (base 16) to base 15.
57b6e9
10000101100001101 (base 2) to base 7
403213
What is 8304a8 (base 11) in base 14?
269a97
What is 1011111111010100110110 (base 2) in base 11?
18573a2
Convert 12220012000022 (base 3) to base 9.
5805008
Convert -98158 (base 10) to base 7.
-556114
138478 (base 11) to base 7
1560203
2814c (base 16) to base 4
220011030
Convert 407634 (base 10) to base 12.
177a96
Convert 13d6f5 (base 16) to base 2.
100111101011011110101
What is -31401ab (base 12) in base 8?
-43340423
What is 27124c (base 13) in base 4?
3212233120
Convert -652467 (base 8) to base 3.
-102002121202
What is -207406 (bas